te the remainder when 88919 is divided by 117.
116
What is the remainder when 1191 is divided by 222?
81
Calculate the remainder when 2252 is divided by 2156.
96
What is the remainder when 36716 is divided by 56?
36
What is the remainder when 2219 is divided by 2164?
55
Calculate the remainder when 16978 is divided by 1150.
878
Calculate the remainder when 784490 is divided by 33.
14
Calculate the remainder when 8800 is divided by 1465.
10
What is the remainder when 25695 is divided by 11?
10
Calculate the remainder when 29763 is divided by 33.
30
Calculate the remainder when 656980 is divided by 218988.
16
Calculate the remainder when 5927635 is divided by 241.
240
Calculate the remainder when 32255 is divided by 475.
430
What is the remainder when 788223 is divided by 394108?
7
Calculate the remainder when 9538 is divided by 298.
2
Calculate the remainder when 301391 is divided by 2843.
33
What is the remainder when 4135 is divided by 452?
67
What is the remainder when 7678 is divided by 1093?
27
What is the remainder when 3061 is divided by 381?
13
Calculate the remainder when 8177 is divided by 908.
5
What is the remainder when 13465 is divided by 222?
145
Calculate the remainder when 437136 is divided by 299.
297
What is the remainder when 279 is divided by 67?
11
Calculate the remainder when 12335 is divided by 287.
281
What is the remainder when 22884 is divided by 2855?
44
Calculate the remainder when 23428 is divided by 3900.
28
What is the remainder when 2426 is divided by 243?
239
Calculate the remainder when 78217 is divided by 141.
103
Calculate the remainder when 15286 is divided by 392.
390
Calculate the remainder when 2495 is divided by 701.
392
What is the remainder when 1073 is divided by 500?
73
Calculate the remainder when 77158 is divided by 38575.
8
Calculate the remainder when 76859 is divided by 1424.
1387
What is the remainder when 163981 is divided by 40989?
25
What is the remainder when 8073 is divided by 19?
17
Calculate the remainder when 491395 is divided by 36.
31
What is the remainder when 16297 is divided by 4060?
57
What is the remainder when 380029 is divided by 4?
1
Calculate the remainder when 107 is divided by 4.
3
What is the remainder when 18696 is divided by 6222?
30
What is the remainder when 1875846 is divided by 9?
3
What is the remainder when 4010 is divided by 868?
538
What is the remainder when 257523 is divided by 2830?
2823
What is the remainder when 52156 is divided by 17374?
34
What is the remainder when 334850 is divided by 31?
19
Calculate the remainder when 541393 is divided by 26.
21
What is the remainder when 12772 is divided by 4251?
19
Calculate the remainder when 478209 is divided by 15426.
3
What is the remainder when 2001 is divided by 174?
87
What is the remainder when 272684 is divided by 30?
14
What is the remainder when 121911 is divided by 152?
7
Calculate the remainder when 5857 is divided by 20.
17
What is the remainder when 301 is divided by 17?
12
Calculate the remainder when 12684 is divided by 3114.
228
What is the remainder when 23938 is divided by 285?
283
What is the remainder when 5280 is divided by 108?
96
Calculate the remainder when 2119 is divided by 175.
19
Calculate the remainder when 1056 is divided by 178.
166
What is the remainder when 28241 is divided by 5614?
171
Calculate the remainder when 3218 is divided by 236.
150
Calculate the remainder when 24937 is divided by 573.
298
Calculate the remainder when 24796 is divided by 989.
71
What is the remainder when 27109 is divided by 874?
15
Calculate the remainder when 75531 is divided by 23.
22
What is the remainder when 3913 is divided by 1052?
757
Calculate the remainder when 187628 is divided by 48.
44
Calculate the remainder when 2163 is divided by 68.
55
Calculate the remainder when 10604 is divided by 531.
515
What is the remainder when 4269545 is divided by 1552?
1545
What is the remainder when 475699 is divided by 72?
67
Calculate the remainder when 13322 is divided by 109.
24
Calculate the remainder when 56717 is divided by 297.
287
What is the remainder when 34459 is divided by 38?
31
What is the remainder when 3193 is divided by 118?
7
Calculate the remainder when 17362 is divided by 315.
37
Calculate the remainder when 1411630 is divided by 4.
2
Calculate the remainder when 1298 is divided by 334.
296
Calculate the remainder when 251523 is divided by 111.
108
What is the remainder when 50124 is divided by 25?
24
What is the remainder when 72838 is divided by 12?
10
Calculate the remainder when 2421 is divided by 143.
133
What is the remainder when 8236 is divided by 5?
1
What is the remainder when 105422 is divided by 166?
12
Calculate the remainder when 41766 is divided by 186.
102
Calculate the remainder when 82 is divided by 3.
1
Calculate the remainder when 11614 is divided by 10.
4
Calculate the remainder when 17327 is divided by 1330.
37
What is the remainder when 175499 is divided by 36?
35
Calculate the remainder when 19981 is divided by 97.
96
Calculate the remainder when 68758 is divided by 34.
10
What is the remainder when 9329 is divided by 4569?
191
What is the remainder when 654 is divided by 135?
114
What is the remainder when 196874 is divided by 308?
62
Calculate the remainder when 3072 is divided by 1240.
592
What is the remainder when 3998 is divided by 1080?
758
Calculate the remainder when 78270 is divided by 25.
20
Calculate the remainder when 225497 is divided by 820.
817
Calculate the remainder when 26411 is divided by 117.
86
What is the remainder when 74926 is divided by 410?
306
Calculate the remainder when 32695 is divided by 189.
187
Calculate the remainder when 686870 is divided by 54.
44
What is the remainder when 160951 is divided by 13?
11
Calculate the remainder when 439 is divided by 201.
37
What is the remainder when 616060 is divided by 128?
124
What is the remainder when 586192 is divided by 20?
12
What is the remainder when 1725618 is divided by 26?
24
What is the remainder when 649 is divided by 316?
17
Calculate the remainder when 14640 is divided by 2909.
95
Calculate the remainder when 5657 is divided by 50.
7
Calculate the remainder when 4496 is divided by 1807.
882
What is the remainder when 2825 is divided by 184?
65
What is the remainder when 292999 is divided by 303?
301
What is the remainder when 149940 is divided by 18?
0
What is the remainder when 5420 is divided by 162?
74
What is the remainder when 13082 is divided by 251?
30
What is the remainder when 11481 is divided by 244?
13
Calculate the remainder when 877643 is divided by 53.
16
What is the remainder when 108071 is divided by 187?
172
Calculate the remainder when 676182 is divided by 676158.
24
Calculate the remainder when 82269 is divided by 36.
9
What is the remainder when 35253 is divided by 23?
17
What is the remainder when 154133 is divided by 227?
0
Calculate the remainder when 1910 is divided by 94.
30
What is the remainder when 11083 is divided by 10822?
261
Calculate the remainder when 8357 is divided by 16.
5
What is the remainder when 6810 is divided by 1649?
214
Calculate the remainder when 349 is divided by 169.
11
What is the remainder when 177146 is divided by 44279?
30
Calculate the remainder when 30084 is divided by 20.
4
Calculate the remainder when 206 is divided by 159.
47
What is the remainder when 42450 is divided by 2000?
450
Calculate the remainder when 7289 is divided by 426.
47
What is the remainder when 150130 is divided by 49?
43
Calculate the remainder when 619 is divided by 37.
27
Calculate the remainder when 735 is divided by 312.
111
Calculate the remainder when 360251 is divided by 275.
1
What is the remainder when 66019 is divided by 1886?
9
What is the remainder when 4541 is divided by 1480?
101
What is the remainder when 26151 is divided by 2178?
15
Calculate the remainder when 11817 is divided by 2348.
77
Calculate the remainder when 72493 is divided by 276.
181
What is the remainder when 9413 is divided by 322?
75
What is the remainder when 56092 is divided by 34?
26
What is the remainder when 64894 is divided by 226?
32
What is the remainder when 376363 is divided by 31?
23
Calculate the remainder when 42871 is divided by 2679.
7
Calculate the rema